late the greatest common factor of 55 and 3905.
55
Calculate the greatest common divisor of 64 and 472.
8
What is the greatest common divisor of 1755 and 675?
135
What is the highest common divisor of 77 and 7?
7
What is the greatest common factor of 200 and 1650?
50
What is the highest common divisor of 4838 and 41?
41
What is the greatest common divisor of 10 and 18?
2
What is the greatest common factor of 97340 and 310?
310
What is the highest common divisor of 2967 and 23?
23
Calculate the highest common factor of 520 and 40.
40
What is the highest common divisor of 960 and 135?
15
What is the greatest common factor of 14 and 1502?
2
What is the greatest common divisor of 1362 and 54?
6
Calculate the greatest common factor of 32878 and 68.
34
What is the highest common factor of 112 and 12?
4
What is the greatest common divisor of 390 and 870?
30
Calculate the highest common divisor of 385 and 33.
11
What is the greatest common factor of 399 and 1092?
21
What is the greatest common factor of 2015 and 52?
13
Calculate the highest common factor of 6 and 40.
2
What is the highest common divisor of 196 and 5992?
28
Calculate the greatest common divisor of 20 and 340.
20
Calculate the highest common divisor of 2484 and 1944.
108
Calculate the greatest common divisor of 2 and 4666.
2
Calculate the greatest common factor of 1178 and 248.
62
What is the greatest common factor of 368 and 2806?
46
Calculate the greatest common factor of 162 and 90.
18
What is the greatest common factor of 344 and 258?
86
What is the greatest common factor of 117 and 36?
9
Calculate the highest common divisor of 2 and 7.
1
What is the highest common divisor of 6 and 3?
3
Calculate the highest common divisor of 1638 and 210.
42
What is the highest common divisor of 2799 and 3421?
311
Calculate the highest common factor of 105 and 12705.
105
Calculate the greatest common factor of 28 and 63.
7
What is the greatest common divisor of 90 and 270?
90
Calculate the greatest common divisor of 152 and 114.
38
What is the highest common factor of 440 and 40?
40
What is the highest common factor of 11413 and 565?
113
Calculate the highest common divisor of 1508 and 232.
116
Calculate the highest common divisor of 1164 and 12.
12
Calculate the highest common factor of 49 and 28.
7
What is the greatest common factor of 375 and 15?
15
What is the highest common divisor of 13000 and 750?
250
Calculate the highest common divisor of 10 and 230.
10
Calculate the highest common factor of 399 and 6174.
21
Calculate the highest common factor of 13 and 247.
13
What is the greatest common divisor of 581 and 166?
83
What is the greatest common factor of 2688 and 12?
12
What is the highest common divisor of 350 and 10?
10
What is the greatest common divisor of 256 and 1088?
64
Calculate the highest common factor of 80 and 30.
10
Calculate the greatest common divisor of 40 and 440.
40
What is the greatest common factor of 8 and 936?
8
Calculate the highest common divisor of 1221 and 33.
33
Calculate the greatest common factor of 437 and 23.
23
Calculate the greatest common divisor of 14045 and 265.
265
What is the highest common divisor of 1992 and 24?
24
Calculate the greatest common divisor of 17 and 323.
17
What is the greatest common divisor of 80 and 70120?
40
What is the greatest common divisor of 1352 and 312?
104
Calculate the greatest common factor of 8 and 18.
2
Calculate the highest common factor of 2058 and 42.
42
What is the highest common factor of 36950 and 100?
50
Calculate the highest common divisor of 300 and 48.
12
Calculate the greatest common factor of 55 and 176.
11
What is the highest common factor of 14 and 126?
14
Calculate the highest common factor of 16 and 16.
16
Calculate the highest common divisor of 897 and 69.
69
What is the highest common factor of 54 and 270?
54
Calculate the highest common divisor of 140 and 34930.
70
What is the greatest common factor of 68 and 221?
17
What is the highest common divisor of 55 and 935?
55
Calculate the greatest common factor of 392 and 1911.
49
What is the highest common factor of 14 and 91?
7
What is the greatest common divisor of 3382 and 950?
38
Calculate the highest common factor of 432 and 19224.
216
Calculate the highest common factor of 234 and 2314.
26
Calculate the highest common factor of 58301 and 173.
173
What is the greatest common divisor of 18 and 8?
2
Calculate the greatest common divisor of 192 and 120.
24
What is the greatest common divisor of 32 and 536?
8
What is the highest common factor of 31168 and 128?
64
What is the greatest common factor of 783 and 324?
27
Calculate the greatest common factor of 1240 and 248.
248
Calculate the greatest common factor of 636 and 36.
12
Calculate the greatest common factor of 180 and 1044.
36
Calculate the greatest common divisor of 85 and 5542.
17
What is the greatest common divisor of 6522 and 6?
6
What is the greatest common factor of 5010 and 30?
30
What is the greatest common factor of 58 and 26042?
58
What is the highest common factor of 5 and 290?
5
What is the highest common divisor of 760 and 95?
95
What is the greatest common factor of 9 and 7434?
9
What is the highest common factor of 620 and 10?
10
Calculate the greatest common divisor of 22 and 8.
2
Calculate the highest common divisor of 76 and 1691.
19
What is the highest common factor of 17 and 153?
17
What is the greatest common divisor of 13 and 4446?
13
What is the highest common divisor of 416 and 520?
104
Calculate the greatest common divisor of 1246 and 112.
14
What is the greatest common divisor of 228 and 36?
12
What is the greatest common factor of 4185 and 540?
135
What is the highest common divisor of 885 and 2832?
177
Calculate the highest common divisor of 20 and 222.
2
Calculate the highest common factor of 76 and 28.
4
Calculate the greatest common factor of 360 and 630.
90
Calculate the greatest common factor of 75 and 250.
25
What is the highest common divisor of 676 and 702?
26
What is the greatest common divisor of 603 and 414?
9
What is the greatest common factor of 50 and 550?
50
What is the greatest common divisor of 858 and 4992?
78
What is the greatest common factor of 1736 and 6048?
56
What is the highest common factor of 1177 and 11?
11
Calculate the greatest common factor of 64 and 10048.
64
What is the greatest common divisor of 134 and 737?
67
What is the highest common divisor of 318 and 6?
6
What is the highest common factor of 19 and 1159?
19
What is the highest common divisor of 1485 and 110?
55
Calculate the greatest common divisor of 160 and 520.
40
What is the highest common divisor of 704 and 66?
22
What is the highest common divisor of 222 and 13542?
222
Calculate the highest common factor of 80 and 176.
16
What is the greatest common divisor of 215 and 43?
43
What is the greatest common factor of 3817 and 11?
11
Calculate the highest common factor of 143 and 33.
11
What is the highest common divisor of 224 and 7?
7
What is the greatest common factor of 624 and 5668?
52
Calculate the highest common factor of 1496 and 7888.
136
Calculate the highest common divisor of 231 and 4026.
33
Calculate the highest common divisor of 369 and 41.
41
What is the greatest common factor of 715 and 55?
55
Calculate the greatest common factor of 59 and 472.
59
What is the greatest common divisor of 7784 and 168?
56
What is the greatest common factor of 192 and 696?
24
Calculate the highest common factor of 2838 and 1056.
66
Calculate the greatest common divisor of 16 and 48.
16
What is the greatest common factor of 120 and 114360?
120
Calculate the greatest common divisor of 966 and 84.
42
What is the greatest common divisor of 1890 and 405?
135
What is the greatest common divisor of 488 and 1342?
122
What is the greatest common divisor of 12 and 2748?
12
What is the greatest common factor of 851 and 92?
23
What is the greatest common factor of 10 and 670?
10
Calculate the highest common divisor of 630 and 133.
7
Calculate the highest common divisor of 23264 and 64.
32
What is the greatest common factor of 1196 and 20?
4
What is the highest common divisor of 21 and 1743?
21
Calculate the highest common factor of 213 and 1846.
71
Calculate the highest common divisor of 660 and 21